4188. List the prime factors of b.
349
Let j(a) be the third derivative of a**6/24 - a**5/30 - a**4/8 - 13*a**3/6 - 35*a**2. What are the prime factors of j(5)?
547
Let o(x) = 6*x**2 - 2*x + 18. Let p be o(4). What are the prime factors of p + 2 + 0/(-4)?
2, 3
Suppose 210*w - 346853 - 213006 = 3082171. What are the prime factors of w?
3, 41, 47
Let w = 17051 + -6301. List the prime factors of w.
2, 5, 43
Suppose 0 = m - 3*d - 39071, -421*d + 39077 = m - 418*d. List the prime factors of m.
2, 7, 2791
Let w = 5803 + -5288. What are the prime factors of w?
5, 103
Let z(u) = -6*u**3 + u - 2*u**3 + 2 - 6*u**3 - 5*u**3. Suppose -10*l = 12 - 2. List the prime factors of z(l).
2, 5
Suppose 8*c - 479 = 7*c - 5*n, -3*n = -2*c + 1010. Let i = 193 + c. List the prime factors of i.
2, 173
Let u(j) = -409*j + 3341. List the prime factors of u(-18).
7, 11, 139
What are the prime factors of ((-4)/18 + (-537920)/(-36))*(-3)/(-2)?
3, 31, 241
Suppose u + 6 - 9 = 5*s, 0 = -5*u - s + 15. Suppose 0 = -3*a - 3*w + 1059, -5*a - 726 = -7*a + u*w. What are the prime factors of a?
3, 7, 17
Suppose -19*a + 2574 = -10916. Suppose 1313 = 4*u - 3*b - a, 1491 = 3*u + 3*b. What are the prime factors of u?
2, 251
Let f(i) be the third derivative of -i**6/120 - 11*i**5/20 - i**4/12 + 37*i**3/3 - 6*i**2 + 4. What are the prime factors of f(-33)?
2, 5, 7
Suppose -5*s = -10, -g - 123 = 2*g - 3*s. Let k(w) = w**3 + 38*w**2 - 46*w + 3. What are the prime factors of k(g)?
2, 3, 23
Let u(r) = -1984*r - 363. List the prime factors of u(-17).
5, 6673
List the prime factors of -38273*(-16 + 15)*2.
2, 38273
Suppose 7 = 8*y + 23. Let s be (-2)/(-4)*(y - -2). Suppose s*g = -5*g - 5*v + 100, -v + 35 = 2*g. What are the prime factors of g?
3, 5
Let d be 49042/126 + 8/(-36). Let k = -148 + d. List the prime factors of k.
241
What are the prime factors of 8 + 190520/(-176)*22/(-5)?
13, 367
Let i = 57 - 58. What are the prime factors of 0 + i + 3 + -1 - -246?
13, 19
Let l be (77592/84 - -3) + (-2)/(-7). Suppose 8*a - 4295 = -l. List the prime factors of a.
421
Suppose 0 = 5*y + 22 - 2, -4*y = 2*i + 2408. Let t = 1779 + i. What are the prime factors of t?
11, 53
Suppose 3 = -15*b + 14*b, 5*b + 26 = -m. Let f(p) = -p**3 - 7*p**2 + 2*p + 22. List the prime factors of f(m).
2, 11
Let b(d) = -11*d**3 - 21*d**2 + 13*d + 39. Let t(f) = -9*f**3 - 22*f**2 + 12*f + 39. Let s(j) = 4*b(j) - 5*t(j). List the prime factors of s(-24).
3, 5, 29
Suppose 93*f + 46306 = 119*f. Suppose 0 = 28*t - 54583 - f. List the prime factors of t.
3, 11, 61
Let w be 2 - 1 - (-6 - -5)*1. Suppose 13*l - 10*l + 1483 = w*u, 1489 = 2*u - 5*l. What are the prime factors of u?
11, 67
Let k(c) = -c**2 - 12*c + 19. Let t be k(-13). Suppose -73 - 5 = -t*j. Let v(d) = 6*d - 3. List the prime factors of v(j).
3, 5
Let m(f) = -65*f**2 - 27*f + 118. Let h(c) = -22*c**2 - 9*c + 39. Let k(s) = 17*h(s) - 6*m(s). List the prime factors of k(5).
2, 5
Let f(t) = 921*t**2 - 12*t - 1. Let w(o) = 5*o**2 + 101*o + 21. Let j be w(-20). List the prime factors of f(j).
2, 227
Let q = 9630 + -1424. List the prime factors of q.
2, 11, 373
Suppose 3 = 15*t + 10 - 82. List the prime factors of t.
5
Suppose w - 378 = 3*y - 2*w, 353 = -3*y - 2*w. Let l = -321 - -264. Let z = l - y. What are the prime factors of z?
2
Let n(l) = 11*l**2 + 5*l + 18. Let x(s) = 10*s**2 + 4*s + 17. Let v(m) = 5*n(m) - 6*x(m). Let q be v(4). Let y = 87 - q. What are the prime factors of y?
5, 7
Let t(p) = 11*p + 16. Let l be t(4). Let s be ((-22)/(-18) - 1) + l/(-27). What are the prime factors of 129/s*((-22)/6 - -3)?
43
Let s = 25849 + -6368. What are the prime factors of s?
7, 11, 23
Let x(a) = a + 16. Let r be x(4). Let p be ((-10)/(-8))/(5/r). Suppose 4*d + 218 = 3*i, p*i - 5*d + 14 - 369 = 0. What are the prime factors of i?
2, 3, 11
Let b(u) = -4556*u - 6. Let g be b(-5). Let n = 9206 - g. What are the prime factors of 4/(-22) + n/(-88)?
2, 7, 11
Let v = 200 - 81. Suppose 112*k = v*k - 2100. What are the prime factors of k?
2, 3, 5
Suppose -2*l - 27*u + 1147 = -24*u, -2297 = -4*l - 5*u. Let r = -563 + l. List the prime factors of r.
3, 5
Suppose 186*y = 219*y - 439032. List the prime factors of y.
2, 1663
Suppose 4*c = 2*c - 5*n + 10041, -4 = -4*n. List the prime factors of c.
2, 13, 193
Let m(h) = h**3 + 46*h**2 + 92*h + 13. List the prime factors of m(-39).
2, 13, 17
Suppose 0*x - 162 = 18*x. What are the prime factors of 3 - (0 + 9/(x/338))?
11, 31
Suppose -1183 = c - 2*k + 1153, -11632 = 5*c + 2*k. Let d = c + 3960. List the prime factors of d.
2, 3, 17
Let l(b) = -b**2 + 5*b + 23. Let v be l(7). Let c = -15 + v. List the prime factors of c/(-39) + (-2802)/(-39).
2, 3
Let u = -190 - -2027. What are the prime factors of u?
11, 167
Let w(s) = 5*s**3 - s**2 - 2*s + 1. Let m be w(2). Suppose 10*o = 14 - 324. Let j = m + o. What are the prime factors of j?
2
Let n = 67 + -62. Let h be n*(51/15 + -2). Suppose -4*a = -t + 189, 6*t - h*t - 3*a = -161. List the prime factors of t.
173
Let v = -18882 - -37856. What are the prime factors of v?
2, 53, 179
Suppose 8*q = 9*q - 2*v + 6, 4*q = -2*v + 6. Let g(i) = -i**2 + 29*i + 502. List the prime factors of g(q).
2, 251
Let y = -23 - 76. Let w = -37 - y. List the prime factors of w.
2, 31
Let f = 69 - 74. Let p be f/(5/(-2)) + (-95)/(-1). Let a = p - 77. What are the prime factors of a?
2, 5
Suppose -5*p + 4*b + 2882 + 33702 = 0, 4*p - 29230 = -3*b. List the prime factors of p.
2, 457
Let u(v) = -3*v - 7. Let s be u(-3). Suppose i + s*i = 336. Suppose 4*a - 3*t = 2*t + i, 28 = a + 2*t. What are the prime factors of a?
2, 7
Let u be -1 - (1 + 0)*-178. Let d(k) = -k**3 + 7*k**2 - 10*k + 5. Let r be d(5). Suppose -r*y + 8 = -u. List the prime factors of y.
37
Suppose 2*z + 49 = 3*y + 12, -30 = -5*y - 3*z. Suppose 0 = -3*k - 0*k + y. Suppose -r + 104 = w, 0 = k*w + 4*r - 300 - 11. List the prime factors of w.
3, 5, 7
Let a(f) = -5*f**2 - 6*f**3 - 9*f**2 + 2*f**2 + 7*f**3 - 40 - 4*f. List the prime factors of a(14).
2, 37
Let x be (1628/370)/(4/(-10)). List the prime factors of 619 + (12/(-5 - x) - 0).
3, 23
Suppose 8*a - 7*a - 29186 = 0. Suppose -3*q = 5*l - 0*q - 48666, -5*q - a = -3*l. What are the prime factors of ((-9)/(-11) - 1) + l/44?
13, 17
Suppose 98524 = 6*s - h, 0 = 93*h - 88*h - 10. What are the prime factors of s?
16421
List the prime factors of 8188 + (64/768)/(1/84).
5, 11, 149
Let t = 11766 - 4794. What are the prime factors of t?
2, 3, 7, 83
List the prime factors of ((-162)/(-126))/((-18)/(-587874)).
3, 13997
Suppose 3*s + 3032 = 7*s. Suppose -457 - s = 5*o. Let c = 347 + o. What are the prime factors of c?
2, 13
Let m = 26392 + -22246. What are the prime factors of m?
2, 3, 691
Let n = -32 - -40. Suppose -n*u = -317 - 2579. Suppose -x - 5*p + u = 3*x, -4*x + 4*p + 344 = 0. List the prime factors of x.
2, 11
Let l = -26763 + 26932. What are the prime factors of l?
13
Suppose 6*q - q - 2*a + 74 = 0, -3*a - 8 = q. Let x be (-6)/(30/25) + 4. What are the prime factors of (q/(-21))/(x/(-189))?
2, 3, 7
Suppose -v - 2*i - 31666 = -4*v, 5*i = -5*v + 52760. List the prime factors of v.
2, 3, 1759
Suppose 0 = 9*k - 10*k + 2. Suppose k*l + l = 15. Suppose 33 - 2 = v - l*m, 0 = -v - 2*m + 45. List the prime factors of v.
41
Let t(m) = -10406*m + 4635. List the prime factors of t(-4).
167, 277
Let d be (-16232)/24 + 8/(-12). Let g = 1103 + d. List the prime factors of g.
2, 3, 71
Let o = 86577 - 47679. What are the prime factors of o?
2, 3, 2161
Let g be ((-80)/24)/(2/(-21)). Suppose -39*x = -g*x + 76. Let z = x - -53. List the prime factors of z.
2, 17
Suppose -28*u + 27*u + 2 = 2*g, -4*u = 5*g - 11. List the prime factors of -522*u*3/(-54)*3.
2, 3, 29
Let q be 5 - 6/(24/356). Let x be 36/q + 6569/7. Suppose -3*d + x = 4*d. List the prime factors of d.
2, 67
Let f(q) = -10*q**2 + 23*q - 17. Let y be f(10). Let m = y + 1363. List the prime factors of m.
2, 3
Suppose -4*d + 15379 = -5*n + 86322, -5*d = n - 14148. What are the prime factors of n?
13, 1091
Let w = -3237 - -25361. List the prime factors of w.
2, 5531
Suppose 16*a - 8364 = 25428. Suppose a + 506 = 7*u. List the prime factors of u.
2, 11, 17
Let w(a) = -16*a - 2. Let j be w(-1). Let t(d) = 77*d + 144. List the prime factors of t(j).
2, 13, 47
Let d = -71 + 116. Let y